{"id":140,"date":"2020-04-14T16:46:07","date_gmt":"2020-04-14T16:46:07","guid":{"rendered":"https:\/\/barber.divifixer.com\/?page_id=13"},"modified":"2025-05-13T12:33:29","modified_gmt":"2025-05-13T10:33:29","slug":"frizura-ajanlo","status":"publish","type":"page","link":"https:\/\/teszt7.cegekmost.hu\/index.php\/frizura-ajanlo\/","title":{"rendered":"FRIZURA AJ\u00c1NL\u00d3"},"content":{"rendered":"<p>[et_pb_section fb_built=&#8221;1&#8243; module_class=&#8221;dct_p_title dct_plx&#8221; _builder_version=&#8221;4.27.4&#8243; background_image=&#8221;https:\/\/teszt7.cegekmost.hu\/wp-content\/uploads\/2025\/02\/Kepernyofoto2025-02-03-13.15.37-ezgif.com-optiwebp.webp&#8221; parallax=&#8221;on&#8221; global_colors_info=&#8221;{}&#8221;][et_pb_row column_structure=&#8221;1_2,1_2&#8243; use_custom_gutter=&#8221;on&#8221; gutter_width=&#8221;2&#8243; make_equal=&#8221;on&#8221; _builder_version=&#8221;4.16&#8243; global_colors_info=&#8221;{}&#8221;][et_pb_column type=&#8221;1_2&#8243; module_class=&#8221;dct_h_clm&#8221; _builder_version=&#8221;4.16&#8243; global_colors_info=&#8221;{}&#8221;][et_pb_text _builder_version=&#8221;4.16&#8243; _dynamic_attributes=&#8221;content&#8221; global_colors_info=&#8221;{}&#8221;]@ET-DC@eyJkeW5hbWljIjp0cnVlLCJjb250ZW50IjoicG9zdF90aXRsZSIsInNldHRpbmdzIjp7ImJlZm9yZSI6IiIsImFmdGVyIjoiIn19@[\/et_pb_text][\/et_pb_column][et_pb_column type=&#8221;1_2&#8243; _builder_version=&#8221;4.16&#8243; global_colors_info=&#8221;{}&#8221;][\/et_pb_column][\/et_pb_row][\/et_pb_section][et_pb_section fb_built=&#8221;1&#8243; _builder_version=&#8221;4.27.4&#8243; background_image=&#8221;https:\/\/barber.divifixer.com\/wp-content\/uploads\/2020\/04\/bg-3.jpg&#8221; custom_padding=&#8221;120px||120px||false|false&#8221; saved_tabs=&#8221;all&#8221; global_colors_info=&#8221;{}&#8221;][et_pb_row use_custom_gutter=&#8221;on&#8221; gutter_width=&#8221;2&#8243; make_equal=&#8221;on&#8221; _builder_version=&#8221;4.16&#8243; width=&#8221;90%&#8221; max_width=&#8221;1170px&#8221; global_colors_info=&#8221;{}&#8221;][et_pb_column type=&#8221;4_4&#8243; _builder_version=&#8221;4.16&#8243; global_colors_info=&#8221;{}&#8221;][et_pb_text module_class=&#8221;dct_s_title &#8221; _builder_version=&#8221;4.27.4&#8243; text_font=&#8221;||||||||&#8221; text_text_color=&#8221;#000000&#8243; header_3_font=&#8221;Playfair Display||||||||&#8221; text_orientation=&#8221;center&#8221; global_colors_info=&#8221;{}&#8221;]<\/p>\n<h3>Frizura aj\u00e1nl\u00f3<\/h3>\n<p>[\/et_pb_text][et_pb_blog fullwidth=&#8221;off&#8221; posts_number=&#8221;20&#8243; include_categories=&#8221;38&#8243; show_more=&#8221;on&#8221; show_author=&#8221;off&#8221; show_date=&#8221;off&#8221; show_categories=&#8221;off&#8221; _builder_version=&#8221;4.27.4&#8243; _module_preset=&#8221;default&#8221; read_more_font=&#8221;||||||||&#8221; border_radii=&#8221;on|20px|20px|20px|20px&#8221; border_width_all=&#8221;0px&#8221; box_shadow_style=&#8221;preset1&#8243; global_colors_info=&#8221;{}&#8221;][\/et_pb_blog][\/et_pb_column][\/et_pb_row][et_pb_row _builder_version=&#8221;4.16&#8243; custom_padding=&#8221;0px||0px||true|false&#8221; global_colors_info=&#8221;{}&#8221;][et_pb_column type=&#8221;4_4&#8243; _builder_version=&#8221;4.16&#8243; global_colors_info=&#8221;{}&#8221;][et_pb_text module_class=&#8221;dct_s_title &#8221; _builder_version=&#8221;4.27.4&#8243; text_font=&#8221;||||||||&#8221; text_text_color=&#8221;#000000&#8243; header_3_font=&#8221;Playfair Display||||||||&#8221; text_orientation=&#8221;center&#8221; global_colors_info=&#8221;{}&#8221;]<\/p>\n<h3>Milyen frizura illik az \u00d6n arcform\u00e1j\u00e1hoz?<\/h3>\n<p>[\/et_pb_text][et_pb_text _builder_version=&#8221;4.27.4&#8243; _module_preset=&#8221;default&#8221; text_text_color=&#8221;#000000&#8243; text_font_size=&#8221;16px&#8221; text_orientation=&#8221;center&#8221; global_colors_info=&#8221;{}&#8221;]Az arcod legel\u0151ny\u00f6sebb von\u00e1sait \u00fagy tudod kiemelni, ha a fej- \u00e9s az arcform\u00e1dhoz passzol\u00f3 fazont v\u00e1lasztasz. A megfelel\u0151 frizura kiemelheti arcunk legel\u0151ny\u00f6sebb von\u00e1sait, mik\u00f6zben egy frizurabaki \u00e9ppen arra h\u00edvja fel a figyelmet, amit nem akartunk volna kidombor\u00edtani.<\/p>\n<p>Az, hogy milyen frizura ide\u00e1lis a sz\u00e1munkra, t\u00f6bb t\u00e9nyez\u0151t\u0151l f\u00fcgg, de a legnagyobb hat\u00e1ssal tal\u00e1n arcform\u00e1nk van r\u00e1. Arcunk ar\u00e1nyai ugyanis alapjaiban hat\u00e1rozz\u00e1k meg, milyen keret illeszkedik j\u00f3l hozz\u00e1nk![\/et_pb_text][\/et_pb_column][\/et_pb_row][et_pb_row column_structure=&#8221;1_3,1_3,1_3&#8243; _builder_version=&#8221;4.27.4&#8243; _module_preset=&#8221;default&#8221; global_colors_info=&#8221;{}&#8221;][et_pb_column type=&#8221;1_3&#8243; _builder_version=&#8221;4.27.4&#8243; _module_preset=&#8221;default&#8221; global_colors_info=&#8221;{}&#8221;][et_pb_heading title=&#8221;Kerek Arcforma&#8221; _builder_version=&#8221;4.27.4&#8243; _module_preset=&#8221;default&#8221; title_level=&#8221;h2&#8243; title_font=&#8221;|600|||||||&#8221; title_text_align=&#8221;center&#8221; title_text_color=&#8221;#000000&#8243; title_font_size=&#8221;22px&#8221; global_colors_info=&#8221;{}&#8221;][\/et_pb_heading][et_pb_image src=&#8221;https:\/\/teszt7.cegekmost.hu\/wp-content\/uploads\/2025\/02\/kerek-960&#215;720-ezgif.com-jpg-to-webp-converter.webp&#8221; title_text=&#8221;kerek-960&#215;720-ezgif.com-jpg-to-webp-converter&#8221; _builder_version=&#8221;4.27.4&#8243; _module_preset=&#8221;default&#8221; global_colors_info=&#8221;{}&#8221;][\/et_pb_image][et_pb_text _builder_version=&#8221;4.27.4&#8243; _module_preset=&#8221;default&#8221; text_text_color=&#8221;#000000&#8243; text_font_size=&#8221;16px&#8221; text_orientation=&#8221;justified&#8221; global_colors_info=&#8221;{}&#8221;]<\/p>\n<p>\u00c1ltal\u00e1ban sz\u00e9lesebb kicsit ez\u00e9rt a c\u00e9lunk hogy keskeny\u00edts\u00fck az arcot a fejform\u00e1t hosszitsuk k\u00f6zel\u00edts\u00fcnk az optim\u00e1lis ov\u00e1lis arc forma fel\u00e9.<\/p>\n<ul>\n<li>Aszimmetrikus frizur\u00e1k.<\/li>\n<li>El\u0151re hosszabod\u00f3 fazon.<\/li>\n<\/ul>\n<p>[\/et_pb_text][\/et_pb_column][et_pb_column type=&#8221;1_3&#8243; _builder_version=&#8221;4.27.4&#8243; _module_preset=&#8221;default&#8221; global_colors_info=&#8221;{}&#8221;][et_pb_heading title=&#8221;Ov\u00e1lis Arcforma&#8221; _builder_version=&#8221;4.27.4&#8243; _module_preset=&#8221;default&#8221; title_level=&#8221;h2&#8243; title_font=&#8221;|600|||||||&#8221; title_text_align=&#8221;center&#8221; title_text_color=&#8221;#000000&#8243; title_font_size=&#8221;22px&#8221; global_colors_info=&#8221;{}&#8221;][\/et_pb_heading][et_pb_image src=&#8221;https:\/\/teszt7.cegekmost.hu\/wp-content\/uploads\/2025\/02\/e07d231f9bee99f710f1772512cf6ba8-ezgif.com-jpg-to-webp-converter.webp&#8221; title_text=&#8221;e07d231f9bee99f710f1772512cf6ba8-ezgif.com-jpg-to-webp-converter&#8221; _builder_version=&#8221;4.27.4&#8243; _module_preset=&#8221;default&#8221; global_colors_info=&#8221;{}&#8221;][\/et_pb_image][et_pb_text _builder_version=&#8221;4.27.4&#8243; _module_preset=&#8221;default&#8221; text_text_color=&#8221;#000000&#8243; text_font_size=&#8221;16px&#8221; text_orientation=&#8221;justified&#8221; global_colors_info=&#8221;{}&#8221;]<\/p>\n<p>Optim\u00e1lisnak nevezet arc forma. Sz\u00e1m\u00e1ra minden frizura el\u0151ny\u0151s.<\/p>\n<ul>\n<li>R\u00f6vid,f\u00e9lhossz\u00fa,hossz\u00fa fazonok<\/li>\n<\/ul>\n<p>[\/et_pb_text][\/et_pb_column][et_pb_column type=&#8221;1_3&#8243; _builder_version=&#8221;4.27.4&#8243; _module_preset=&#8221;default&#8221; global_colors_info=&#8221;{}&#8221;][et_pb_heading title=&#8221;Sz\u00f6gletes Arcforma&#8221; _builder_version=&#8221;4.27.4&#8243; _module_preset=&#8221;default&#8221; title_level=&#8221;h2&#8243; title_font=&#8221;|600|||||||&#8221; title_text_align=&#8221;center&#8221; title_text_color=&#8221;#000000&#8243; title_font_size=&#8221;22px&#8221; global_colors_info=&#8221;{}&#8221;][\/et_pb_heading][et_pb_image src=&#8221;https:\/\/teszt7.cegekmost.hu\/wp-content\/uploads\/2025\/02\/kakaya-chelka-podojdet-dlya-kvadratnoj-formy-lica-2-ezgif.com-jpg-to-webp-converter.webp&#8221; title_text=&#8221;kakaya-chelka-podojdet-dlya-kvadratnoj-formy-lica-2-ezgif.com-jpg-to-webp-converter&#8221; _builder_version=&#8221;4.27.4&#8243; _module_preset=&#8221;default&#8221; global_colors_info=&#8221;{}&#8221;][\/et_pb_image][et_pb_text _builder_version=&#8221;4.27.4&#8243; _module_preset=&#8221;default&#8221; text_text_color=&#8221;#000000&#8243; text_font_size=&#8221;16px&#8221; text_orientation=&#8221;justified&#8221; global_colors_info=&#8221;{}&#8221;]<\/p>\n<p>Homlokcsont \u00e1llcsont azonos sz\u00e9less\u00e9g\u0171 von\u00e1sok mark\u00e1nsak. Von\u00e1sokat l\u00e1gyitani kell.<\/p>\n<ul>\n<li>Hull\u00e1mos haj, fokozatos hajv\u00e1g\u00e1s javasolt<\/li>\n<li>T\u00f6m\u00f6r teli frufru m\u00e9g jobban sz\u00e9lesit\u00ed az arcot<\/li>\n<\/ul>\n<p>[\/et_pb_text][\/et_pb_column][\/et_pb_row][et_pb_row column_structure=&#8221;1_3,1_3,1_3&#8243; _builder_version=&#8221;4.27.4&#8243; _module_preset=&#8221;default&#8221; hover_enabled=&#8221;0&#8243; global_colors_info=&#8221;{}&#8221; sticky_enabled=&#8221;0&#8243;][et_pb_column type=&#8221;1_3&#8243; _builder_version=&#8221;4.27.4&#8243; _module_preset=&#8221;default&#8221; global_colors_info=&#8221;{}&#8221;][et_pb_heading title=&#8221;Hossz\u00fak\u00e1s Arcforma&#8221; _builder_version=&#8221;4.27.4&#8243; _module_preset=&#8221;default&#8221; title_level=&#8221;h2&#8243; title_font=&#8221;|600|||||||&#8221; title_text_align=&#8221;center&#8221; title_text_color=&#8221;#000000&#8243; title_font_size=&#8221;22px&#8221; hover_enabled=&#8221;0&#8243; global_colors_info=&#8221;{}&#8221; sticky_enabled=&#8221;0&#8243;][\/et_pb_heading][et_pb_image src=&#8221;https:\/\/teszt7.cegekmost.hu\/wp-content\/uploads\/2025\/02\/gettyimages-1184232554-ezgif.com-resize.webp&#8221; title_text=&#8221;gettyimages-1184232554-ezgif.com-resize&#8221; _builder_version=&#8221;4.27.4&#8243; _module_preset=&#8221;default&#8221; hover_enabled=&#8221;0&#8243; global_colors_info=&#8221;{}&#8221; sticky_enabled=&#8221;0&#8243;][\/et_pb_image][et_pb_text _builder_version=&#8221;4.27.4&#8243; _module_preset=&#8221;default&#8221; text_text_color=&#8221;#000000&#8243; text_font_size=&#8221;16px&#8221; text_orientation=&#8221;justified&#8221; hover_enabled=&#8221;0&#8243; global_colors_info=&#8221;{}&#8221; sticky_enabled=&#8221;0&#8243;]<\/p>\n<p>Az arcforma ny\u00fajtott homlok magasan van .<\/p>\n<ul>\n<li>F\u00e9lhossz\u00fa hossz\u00fa frizur\u00e1k.<\/li>\n<li>Frufru v\u00e1g\u00e1sa l\u00e1gy hull\u00e1mok a hajban g\u00f6nd\u00f6r hajviselet .<\/li>\n<\/ul>\n<p>[\/et_pb_text][\/et_pb_column][et_pb_column type=&#8221;1_3&#8243; _builder_version=&#8221;4.27.4&#8243; _module_preset=&#8221;default&#8221; global_colors_info=&#8221;{}&#8221;][et_pb_heading title=&#8221;Sz\u00edv Arcforma&#8221; _builder_version=&#8221;4.27.4&#8243; _module_preset=&#8221;default&#8221; title_level=&#8221;h2&#8243; title_font=&#8221;|600|||||||&#8221; title_text_align=&#8221;center&#8221; title_text_color=&#8221;#000000&#8243; title_font_size=&#8221;22px&#8221; hover_enabled=&#8221;0&#8243; global_colors_info=&#8221;{}&#8221; sticky_enabled=&#8221;0&#8243;][\/et_pb_heading][et_pb_image src=&#8221;https:\/\/teszt7.cegekmost.hu\/wp-content\/uploads\/2025\/02\/reese-witherspoon-1516141205-ezgif.com-avif-to-webp-converter.webp&#8221; title_text=&#8221;reese-witherspoon-1516141205-ezgif.com-avif-to-webp-converter&#8221; _builder_version=&#8221;4.27.4&#8243; _module_preset=&#8221;default&#8221; hover_enabled=&#8221;0&#8243; global_colors_info=&#8221;{}&#8221; sticky_enabled=&#8221;0&#8243;][\/et_pb_image][et_pb_text _builder_version=&#8221;4.27.4&#8243; _module_preset=&#8221;default&#8221; text_text_color=&#8221;#000000&#8243; text_font_size=&#8221;16px&#8221; text_orientation=&#8221;justified&#8221; hover_enabled=&#8221;0&#8243; global_colors_info=&#8221;{}&#8221; sticky_enabled=&#8221;0&#8243;]<\/p>\n<p>A homlok a legsz\u00e9lesebb arccsontok keskenyek, keskeny hegyes \u00e1ll.<\/p>\n<ul>\n<li>Oldal frufru ,fokozatok a hajban \u00e1llkapocs vonal\u00e1ban.<\/li>\n<li>F\u00e9lhossz\u00fa fazon az el\u0151ny\u0151s.<\/li>\n<\/ul>\n<p>[\/et_pb_text][\/et_pb_column][et_pb_column type=&#8221;1_3&#8243; _builder_version=&#8221;4.27.4&#8243; _module_preset=&#8221;default&#8221; global_colors_info=&#8221;{}&#8221;][\/et_pb_column][\/et_pb_row][\/et_pb_section]<\/p>\n","protected":false},"excerpt":{"rendered":"<p>Frizura aj\u00e1nl\u00f3Milyen frizura illik az \u00d6n arcform\u00e1j\u00e1hoz?Az arcod legel\u0151ny\u00f6sebb von\u00e1sait \u00fagy tudod kiemelni, ha a fej- \u00e9s az arcform\u00e1dhoz passzol\u00f3 fazont v\u00e1lasztasz. A megfelel\u0151 frizura kiemelheti arcunk legel\u0151ny\u00f6sebb von\u00e1sait, mik\u00f6zben egy frizurabaki \u00e9ppen arra h\u00edvja fel a figyelmet, amit nem akartunk volna kidombor\u00edtani. Az, hogy milyen frizura ide\u00e1lis a sz\u00e1munkra, t\u00f6bb t\u00e9nyez\u0151t\u0151l f\u00fcgg, de a [&hellip;]<\/p>\n","protected":false},"author":1,"featured_media":0,"parent":0,"menu_order":0,"comment_status":"closed","ping_status":"closed","template":"","meta":{"_et_pb_use_builder":"on","_et_pb_old_content":"","_et_gb_content_width":"","footnotes":""},"class_list":["post-140","page","type-page","status-publish","hentry"],"_links":{"self":[{"href":"https:\/\/teszt7.cegekmost.hu\/index.php\/wp-json\/wp\/v2\/pages\/140","targetHints":{"allow":["GET"]}}],"collection":[{"href":"https:\/\/teszt7.cegekmost.hu\/index.php\/wp-json\/wp\/v2\/pages"}],"about":[{"href":"https:\/\/teszt7.cegekmost.hu\/index.php\/wp-json\/wp\/v2\/types\/page"}],"author":[{"embeddable":true,"href":"https:\/\/teszt7.cegekmost.hu\/index.php\/wp-json\/wp\/v2\/users\/1"}],"replies":[{"embeddable":true,"href":"https:\/\/teszt7.cegekmost.hu\/index.php\/wp-json\/wp\/v2\/comments?post=140"}],"version-history":[{"count":18,"href":"https:\/\/teszt7.cegekmost.hu\/index.php\/wp-json\/wp\/v2\/pages\/140\/revisions"}],"predecessor-version":[{"id":994,"href":"https:\/\/teszt7.cegekmost.hu\/index.php\/wp-json\/wp\/v2\/pages\/140\/revisions\/994"}],"wp:attachment":[{"href":"https:\/\/teszt7.cegekmost.hu\/index.php\/wp-json\/wp\/v2\/media?parent=140"}],"curies":[{"name":"wp","href":"https:\/\/api.w.org\/{rel}","templated":true}]}}